 8) to base 7.
-10525005
111110002021 (base 3) to base 8
1004760
Convert -512507 (base 8) to base 3.
-22121012220
Convert -4121113 (base 5) to base 12.
-32961
20111102111 (base 3) to base 4
133032031
Convert 176508 (base 10) to base 5.
21122013
What is 2121202222 (base 3) in base 12?
25a38
Convert -5510423 (base 6) to base 15.
-56110
What is -100211010100021 (base 3) in base 15?
-6d1307
b0d34 (base 14) to base 7
3420364
21131212 (base 4) to base 12
1a51a
156726 (base 8) to base 9
85810
What is -434211332 (base 5) in base 16?
-1c7ae3
What is -15154010 (base 7) in base 11?
-8a5420
Convert -148865 (base 10) to base 7.
-1160003
Convert 3560651 (base 7) to base 8.
1562206
-60347 (base 15) to base 8
-1122554
fb16e (base 16) to base 2
11111011000101101110
What is -10013214 (base 5) in base 4?
-103111100
Convert 111101110111101011 (base 2) to base 15.
50149
Convert 36947 (base 13) to base 11.
69514
What is 120465602 (base 7) in base 12?
2615838
95c76 (base 16) to base 7
5133420
Convert -1111110100101010010101 (base 2) to base 13.
-b22c73
What is -168e3d (base 15) in base 9?
-2045684
-758123 (base 11) to base 5
-302230411
-152343 (base 6) to base 4
-3213213
Convert 72f05 (base 16) to base 9.
786718
-42202464 (base 7) to base 3
-20201001220110
What is -122154525 (base 6) in base 3?
-11102022000022
What is -22020102211211 (base 3) in base 7?
-52133416
29943 (base 13) to base 16
13287
What is -311022032 (base 4) in base 2?
-110101001010001110
-132013202132 (base 4) to base 5
-4010121243
-1110101000000100111 (base 2) to base 12
-1b1433
6cc8a5 (base 13) to base 2
1001111010010111000101
Convert 165401 (base 8) to base 9.
101465
What is 11100111000010001 (base 2) in base 3?
20000021002
What is -103223030 (base 4) in base 11?
-55602
Convert -30102133 (base 5) to base 10.
-237793
What is -179755 (base 10) in base 12?
-88037
What is -12344040 (base 5) in base 12?
-5a576
Convert 21408 (base 9) to base 2.
11011101100111
What is 518b7 (base 12) in base 7?
623035
What is 1031011121 (base 4) in base 7?
2453342
-50289 (base 10) to base 4
-30101301
What is -822218 (base 13) in base 2?
-1011100100010010011011
What is 23463 (base 13) in base 11?
4448a
What is 12122143 (base 5) in base 15?
23bd3
Convert 3113113331 (base 4) to base 15.
1265b8
What is -1013011001 (base 4) in base 9?
-483325
-100010110000110011100 (base 2) to base 15
-1777a0
Convert -1146167 (base 8) to base 14.
-82875
-110133230 (base 4) to base 16
-147ec
Convert -1131022221 (base 4) to base 5.
-44202414
11b4448 (base 12) to base 11
1a60450
What is -1f3e6d (base 16) in base 15?
-2a6a67
What is 2398456 (base 10) in base 7?
26246404
What is -2345410 (base 7) in base 8?
-1104431
What is 132462651 (base 7) in base 14?
11c9198
What is -3175b (base 14) in base 4?
-131022111
What is 5464a (base 12) in base 6?
2220134
Convert -213041 (base 8) to base 11.
-49549
Convert 10134351 (base 6) to base 10.
292603
What is 101011100111000100 (base 2) in base 13?
633c8
Convert -49bd1 (base 16) to base 11.
-196a16
What is -4452620 (base 7) in base 8?
-2063647
Convert 84bb (base 16) to base 2.
1000010010111011
34632e (base 15) to base 9
4632478
What is -125253 (base 7) in base 8?
-55644
What is 413102030 (base 5) in base 12?
696636
What is 71416 (base 14) in base 5?
32204320
What is -91a51 (base 11) in base 7?
-1066511
Convert 258c53 (base 13) to base 5.
212430223
Convert 110021200 (base 3) to base 10.
8955
What is 101107 (base 12) in base 5?
31010321
What is -113332031 (base 5) in base 12?
-215085
1a7031 (base 12) to base 10
468325
What is 92084 (base 10) in base 5?
10421314
Convert -7bb0e (base 16) to base 11.
-316710
1403404 (base 5) to base 4
12332330
Convert -4059904 (base 10) to base 6.
-223003504
Convert 3b704d (base 14) to base 5.
1011232300
What is 10221222020012 (base 3) in base 5?
1014334034
What is 4506063 (base 7) in base 13?
166539
1148967 (base 15) to base 3
212022001101121
-2102834 (base 9) to base 8
-4223344
What is -ab68 (base 13) in base 5?
-1231130
-333535234 (base 6) to base 16
-5c81e6
Convert -4aa489 (base 13) to base 10.
-1793541
What is 8b254d (base 14) in base 13?
c98934
What is -5772 (base 14) in base 9?
-22750
Convert e01eb2 (base 15) to base 14.
15acb30
-2966d (base 16) to base 2
-101001011001101101
24374346 (base 8) to base 4
110133203212
What is -200126201 (base 7) in base 13?
-2516918
Convert -7a0d6 (base 16) to base 5.
-111444201
1c0378 (base 16) to base 9
3407334
What is -331755 (base 8) in base 4?
-123033231
-1121644 (base 7) to base 14
-38dcb
Convert 420553 (base 9) to base 11.
160725
Convert 6302 (base 16) to base 6.
313202
3410333 (base 6) to base 10
172497
-2806732 (base 9) to base 15
-20657e
What is 1021112201121 (base 3) in base 8?
2460025
a402 (base 16) to base 14
11430
What is -49e61a (base 15) in base 8?
-15405366
What is 14443222 (base 5) in base 3?
21221002002
5e7eb (base 16) to base 12
167ba3
Convert -1845b96 (base 12) to base 15.
-6a22ec
What is -11224441 (base 5) in base 8?
-306757
What is -508642 (base 12) in base 7?
-13462154
Convert -1241341023 (base 5) to base 13.
-838550
6a3248 (base 13) to base 12
a16659
1861594 (base 10) to base 3
10111120121221
Convert 112300030 (base 4) to base 16.
16c0c
6771114 (base 8) to base 16
1bf24c
Convert -1011000100011111111 (base 2) to base 12.
-155b13
Convert -2313326 (base 7) to base 11.
-188405
1202010001120 (base 3) to base 6
31513110
Convert -28b04 (base 15) to base 13.
-47671
1211220111120 (base 3) to base 8
3576471
1000010100110011 (base 2) to base 16
8533
Convert 24331214 (base 5) to base 9.
380670
What is -156761 (base 9) in base 10?
-96850
10000111010111000 (base 2) to base 5
4204204
-1011011110100101100 (base 2) to base 6
-12021124
What is 157a47 (base 13) in base 5?
113444401
Convert 103c (base 14) to base 3.
10211122
What is -130031331 (base 4) in base 3?
-12212112210
Convert -1010111111000010100101 (base 2) to base 16.
-2bf0a5
What is -101111110111011011011 (base 2) in base 14?
-2cb85d
What is 24113255 (base 6) in base 14?
1598b1
What is -30443501 (base 6) in base 10?
-876925
What is -6dbc3 (base 15) in base 10?
-350283
Convert 11110100111110110110 (base 2) to base 10.
1003446
-502650 (base 8) to base 12
-7b7a0
Convert -62753 (base 14) to base 5.
-30044204
6c4a1 (base 13) to base 3
101002100020
What is -297b2 (base 13) in base 2?
-10011000110001111
-12210223230 (base 4) to base 3
-10020112200010
What is 120201210122 (base 3) in base 8?
1134660
21bf2 (base 16) to base 3
21000121111
1000323123 (base 4) to base 11
1718a0
What is 943700 (base 10) in base 6?
32120552
Convert 223333001101 (base 4) to base 8.
53770121
What is 338386 (base 9) in base 8?
614347
24bc9a (base 13) to base 12
367100
Convert 412335504 (base 6) to base 11.
4023562
-1321362 (base 7) to base 9
-283773
1111001001001011 (base 2) to base 10
62027
What is -540557 (base 8) in base 13?
-64278
What is 8399509 (base 10) in base 2?
100000000010101010010101
What is -75352 (base 11) in base 5?
-12001222
Convert 7446454 (base 9) to base 10.
3987274
What is 330493 (base 10) in base 3?
121210100111
2889049 (base 10) to base 3
12102210000211
Convert 23423635 (base 8) to base 13.
10a4451
-1000011110111101101110 (base 2) to base 16
-21ef6e
What is a614 (base 16) in base 10?
42516
-359c6 (base 15) to base 10
-170961
What is -2a2457 (base 13) in base 6?
-34051550
What is 16512534 (base 7) in base 4?
12022232331
Convert -6c52cb (base 13) to base 8.
-11662734
1000100010100001110011 (base 2) to base 15
2e3439
-552254524 (base 6) to base 13
-2091790
What is -b3445a (base 12) in base 2?
-1010101101010010000110
Convert -202213331 (base 4) to base 8.
-424775
What is 110012221221 (base 3) in base 10?
240541
39937 (base 16) to base 11
151202
What is -2337071 (base 9) in base 4?
-10310303233
-1007301 (base 8) to base 14
-6cca5
Convert 16885a (base 11) to base 8.
774742
Convert 1423313 (base 5) to base 11.
20461
What is 48285b (base 13) in base 16?
1a3cba
42a392 (base 15) to base 10
3173312
10374016 (base 8) to base 4
20133200032
-543141142 (base 6) to base 9
-20170138
110100202011101 (base 3) to base 11
3787543
Convert -3323014 (base 5) to base 16.
-e21c
-112134404 (base 6) to base 12
-837404
Convert -885857 (base 10) to base 13.
-25029b
202210101222002 (base 3) to base 5
10312101112
-375